{"id":16893,"date":"2022-05-13T18:10:36","date_gmt":"2022-05-13T16:10:36","guid":{"rendered":"https:\/\/mygeschenk.at\/?post_type=product&amp;p=16893"},"modified":"2022-05-13T18:10:36","modified_gmt":"2022-05-13T16:10:36","slug":"apfelsaft-klar-1l-pichler-buschenschank","status":"publish","type":"product","link":"https:\/\/www.thermenbauernladen.com\/online\/produkt\/apfelsaft-klar-1l-pichler-buschenschank\/","title":{"rendered":"Apfelsaft klar 1l &#8211; Maluhof"},"content":{"rendered":"<p>Der Apfel wird nicht umsonst auch Paradiesfrucht genannt. Er z\u00e4hlt zu den Rosengew\u00e4chsen, ist reich an Vitaminen und Schl\u00fcsselaromastoffen und bis heute eines der beliebtesten Obstsorten zur Herstellung von Saft und Most in \u00d6sterreich. Die \u00c4pfel f\u00fcr unseren klaren Apfelsaft kommen aus den hauseigenen Streuobstwiesen der Familie Pichler und werden von Hand gelesen und sorgf\u00e4ltig gepresst.<\/p>\n<p><u>Kulinarischer Tipp<\/u><\/p>\n<p>Der Apfelsaft ist ein exzellenter Durstl\u00f6scher und schmeckt besonders gut zur kalten Jause, zu deftigen\u00a0warmen Speisen wie Schweinsbraten, Gulasch, Eintopf oder Wiener Schnitzel und als erfrischendes Getr\u00e4nk f\u00fcr Zwischendurch.<\/p>\n<hr \/>\n<table class=\" cke_show_border\" dir=\"ltr\" border=\"0\" cellspacing=\"0\" cellpadding=\"0\" align=\"left\">\n<tbody>\n<tr>\n<td>Zutaten\/Inhaltsstoffe<\/td>\n<td><\/td>\n<\/tr>\n<tr>\n<td>Charakteristik<\/td>\n<td>klar und frisch; reines und vollmundiges Apfelaroma<\/td>\n<\/tr>\n<tr>\n<td>Lagerung<\/td>\n<td>k\u00fchl und dunkel<\/td>\n<\/tr>\n<tr>\n<td>Alkohol<\/td>\n<td>keiner<\/td>\n<\/tr>\n<tr>\n<td>Allergene<\/td>\n<td><\/td>\n<\/tr>\n<tr>\n<td>Passt zu<\/td>\n<td>kalter Jause, deftigen Gerichten<\/td>\n<\/tr>\n<\/tbody>\n<\/table>\n<hr \/>\n<hr \/>\n<div class=\"cke_pagebreak\" title=\"Seitenumbruch einf\u00fcgen\" data-cke-display-name=\"pagebreak\" aria-label=\"Seitenumbruch einf\u00fcgen\"><\/div>\n<p><u>\u00dcber den Produzenten<\/u><\/p>\n<p>In der seit 30 Jahren als Familienbetrieb gef\u00fchrten Buschenschank mit wundersch\u00f6ner Aussicht bietet die Familie Pichler steirische Weine und Edelbr\u00e4nde aus dem eigenen Weingut, typisch steirische Spezialit\u00e4ten, frische Obsts\u00e4fte und hausgemachte Mehlspeisen.<\/p>\n<p><u>Fragen zum Produkt<\/u><\/p>\n<p>produkt@thermenbauernladen.at<\/p>\n<p><u>Herkunft<\/u><\/p>\n<p>Inmitten der Oststeiermark und dem Thermenland gelegen, erstreckt sich die 2-Thermenregion Bad Waltersdorf. Die Region ist nicht nur f\u00fcr ihre landschaftliche, sondern auch f\u00fcr ihre kulinarische Vielfalt bekannt. Vom heimischen Obst und Gem\u00fcse bis hin zu Milchprodukten bietet die Region ihren G\u00e4sten zahlreiche Natursch\u00e4tze.<\/p>\n","protected":false},"excerpt":{"rendered":"<p>Klar und erfrischend \u2013 der Saft aus den knackigen \u00c4pfeln der 2-Thermenregion<\/p>\n<p>Ein frischer, goldfarbener Apfelsaft aus den handgepfl\u00fcckten \u00c4pfeln regionaler Streuobstwiesen<\/p>\n","protected":false},"featured_media":17183,"comment_status":"closed","ping_status":"closed","template":"","meta":[],"product_brand":[],"product_cat":[110],"product_tag":[102,104,105,106],"class_list":{"0":"post-16893","1":"product","2":"type-product","3":"status-publish","4":"has-post-thumbnail","6":"product_cat-saefte","7":"product_tag-bad-waltersdorf","8":"product_tag-maluhof","9":"product_tag-maluhof-at","10":"product_tag-wagerberg","12":"first","13":"instock","14":"taxable","15":"shipping-taxable","16":"product-type-simple"},"_links":{"self":[{"href":"https:\/\/www.thermenbauernladen.com\/online\/wp-json\/wp\/v2\/product\/16893","targetHints":{"allow":["GET"]}}],"collection":[{"href":"https:\/\/www.thermenbauernladen.com\/online\/wp-json\/wp\/v2\/product"}],"about":[{"href":"https:\/\/www.thermenbauernladen.com\/online\/wp-json\/wp\/v2\/types\/product"}],"replies":[{"embeddable":true,"href":"https:\/\/www.thermenbauernladen.com\/online\/wp-json\/wp\/v2\/comments?post=16893"}],"wp:featuredmedia":[{"embeddable":true,"href":"https:\/\/www.thermenbauernladen.com\/online\/wp-json\/wp\/v2\/media\/17183"}],"wp:attachment":[{"href":"https:\/\/www.thermenbauernladen.com\/online\/wp-json\/wp\/v2\/media?parent=16893"}],"wp:term":[{"taxonomy":"product_brand","embeddable":true,"href":"https:\/\/www.thermenbauernladen.com\/online\/wp-json\/wp\/v2\/product_brand?post=16893"},{"taxonomy":"product_cat","embeddable":true,"href":"https:\/\/www.thermenbauernladen.com\/online\/wp-json\/wp\/v2\/product_cat?post=16893"},{"taxonomy":"product_tag","embeddable":true,"href":"https:\/\/www.thermenbauernladen.com\/online\/wp-json\/wp\/v2\/product_tag?post=16893"}],"curies":[{"name":"wp","href":"https:\/\/api.w.org\/{rel}","templated":true}]}}