{"id":17161,"date":"2022-05-13T17:25:43","date_gmt":"2022-05-13T15:25:43","guid":{"rendered":"https:\/\/mygeschenk.at\/?post_type=product&#038;p=17161"},"modified":"2023-08-22T18:06:05","modified_gmt":"2023-08-22T16:06:05","slug":"steirisches-kuerbiskernoel-g-g-a-05l-praemiert-2021-bauernhof-fleck","status":"publish","type":"product","link":"https:\/\/www.thermenbauernladen.com\/online\/produkt\/steirisches-kuerbiskernoel-g-g-a-05l-praemiert-2021-bauernhof-fleck\/","title":{"rendered":"Steirisches K\u00fcrbiskern\u00f6l g.g.A 0,5l &#8222;Pr\u00e4miert 2023&#8220; &#8211; Bauernhof Fleck"},"content":{"rendered":"<div class=\"description-wrapper\">\n<h2>Steirisches K\u00fcrbiskern\u00f6l g.g.A 0,5l &#8222;Pr\u00e4miert 2023&#8220; &#8211; Bauernhof Fleck<\/h2>\n<p>Der einzigartige Geschmack des K\u00fcrbiskern\u00f6ls geht auf die Besonderheit der schalenlosen Kerne zur\u00fcck, wie man sie nur im Steirischen \u00d6lk\u00fcrbis findet. Aus den ger\u00f6steten und gepressten Kernen gewinnen wir nach bew\u00e4hrtem, traditionellem Rezept das mit Gold pr\u00e4mierte und begehrte \u00d6l, das in dieser Qualit\u00e4t nur in der 2-Thermenregion hergestellt wird und Sie bei uns im Thermenbauernladen in vier verschiedenen Genuss-Mengen finden.<\/p>\n<p>&nbsp;<\/p>\n<p><u>Kulinarischer Tipp<\/u><\/p>\n<p>&nbsp;<\/p>\n<p>Das steirische K\u00fcrbiskern\u00f6l wird Sie sowohl zu pikanten als auch zu s\u00fc\u00dfen Speisen begeistern. Es schmeckt zu allen Arten von frischem Salat (insbesondere zu steirischen K\u00e4ferbohnen) sowie zu kaltem Rindfleisch, S\u00fclzen oder zu diversen Risottos. Auch in hellen Cremesuppen wie der Spargelcreme- oder K\u00fcrbiscremesuppe sorgt es f\u00fcr die beliebte fein-nussige Note. Oder geben Sie das \u00d6l einfach zusammen mit ein paar K\u00fcrbiskernen auf Ihr morgendliches R\u00fchrei und zaubern Sie daraus eine typisch steirische Eierspeise. Das K\u00fcrbiskern\u00f6l beeindruckt auch als Verfeinerer von S\u00fc\u00dfspeisen wie z.B. auf Vanilleeis.<\/p>\n<p>&nbsp;<\/p>\n<hr \/>\n<p>&nbsp;<\/p>\n<table dir=\"ltr\" border=\"0\" cellspacing=\"0\" cellpadding=\"0\" align=\"left\">\n<tbody>\n<tr>\n<td>Zutaten\/Inhaltsstoffe<\/td>\n<td>100% Steirische K\u00fcrbiskerne aus der 2-Thermenregion<\/td>\n<\/tr>\n<tr>\n<td>Charakteristik<\/td>\n<td>nussartiger, hocharomatischer und charakterischer Geschmack<\/td>\n<\/tr>\n<tr>\n<td>Lagerung<\/td>\n<td>trocken und dunkel; 1 Jahr Mindesthaltbarkeit<\/td>\n<\/tr>\n<tr>\n<td>Alkohol<\/td>\n<td>keiner<\/td>\n<\/tr>\n<tr>\n<td>Allergene<\/td>\n<td>keine<\/td>\n<\/tr>\n<tr>\n<td>Passt zu<\/td>\n<td>Salat, K\u00e4ferbohnen, Sulz, Cremesuppen, Risotto, R\u00fchrei, Vanilleeis<\/td>\n<\/tr>\n<\/tbody>\n<\/table>\n<hr \/>\n<p>&nbsp;<\/p>\n<hr \/>\n<p>&nbsp;<\/p>\n<div><\/div>\n<p>\u201eSteirisch stark!\u201c<\/p>\n<p>&nbsp;<\/p>\n<p>Das Steirische Kern\u00f6l hat im Laufe der letzten drei\u00dfig Jahre die K\u00fcchen der \u00f6sterreichischen Spitzenk\u00f6che und aus aller Welt erobert. Dabei war es bis in die 70iger Jahre hierzulande ausschlie\u00dflich in der S\u00fcdsteiermark bekannt. Erst danach begann die Erfolgsgeschichte des tiefgr\u00fcnen, rot fluoreszierenden \u00d6ls und es exportierte in alle Herrenl\u00e4nder.<\/p>\n<p>Sein unvergleichliches Aroma entfaltet das K\u00fcrbiskern\u00f6l nur durch das einzigartige Klima und die speziellen Bodenverh\u00e4ltnisse bei uns in der Steiermark. Und nat\u00fcrlich durch das von Generation zu Generation weitergegebene Wissen rund um seine Herstellung und Tradition.<\/p>\n<p>Unser Kern\u00f6l wurde mit Gold pr\u00e4miert und zu 100% als steirisches K\u00fcrbiskern\u00f6l zertifiziert. Seine Kerne sind in der 2-Thermenregion gewachsen und verarbeitet. Bei uns im Thermenbauernladen finden Sie das fl\u00fcssige Gold in vier verschiedenen Gr\u00f6\u00dfen zum Mit-Nach-Hause-Nehmen.<\/p>\n<p>&nbsp;<\/p>\n<hr \/>\n<p>&nbsp;<\/p>\n<p><u>Auszeichnungen<\/u><\/p>\n<ul>\n<li>Gold-Pr\u00e4mierung 2023<\/li>\n<li>Zertifizierte Flasche<\/li>\n<li>Zertifikat g.g.A. mit Ursprungsbezeichnung<\/li>\n<li>Bad Waltersdorf Edition<\/li>\n<\/ul>\n<p>&nbsp;<\/p>\n<hr \/>\n<p>&nbsp;<\/p>\n<p><u>\u00dcber den Produzenten<\/u><\/p>\n<p>Der Bauernhof Fleck f\u00fchrt ihren Bauernhof in Bad Waltersdorf schon seit 3 Generationen und betreibt dazu den\u00a0Thermen-Bauernladen, indem ausgew\u00e4hlte regionale Produkte angeboten werden. Sowohl in ihrem Bauernhof als auch im Thermen-Bauernladen wird man mit selbstgemachten Spezialit\u00e4ten verw\u00f6hnt und in l\u00e4ndlich gem\u00fctlichem Ambiente mit viel Herzlichkeit betreut.<\/p>\n<p>&nbsp;<\/p>\n<p><u>Herkunft<\/u><\/p>\n<p>Inmitten der Oststeiermark und dem Thermenland gelegen, erstreckt sich die 2-Thermenregion Bad Waltersdorf. Die Region ist nicht nur f\u00fcr ihre landschaftliche, sondern auch f\u00fcr ihre kulinarische Vielfalt bekannt. Vom heimischen Obst und Gem\u00fcse bis hin zu Milchprodukten bietet die Region ihren G\u00e4sten zahlreiche Natursch\u00e4tze.<\/p>\n<\/div>\n","protected":false},"excerpt":{"rendered":"<p>Steirisches K\u00fcrbiskern\u00f6l g.g.A 0,5l &#8222;Pr\u00e4miert 2023&#8220; &#8211; Bauernhof Fleck Der einzigartige Geschmack des K\u00fcrbiskern\u00f6ls geht auf die Besonderheit der schalenlosen Kerne zur\u00fcck, wie man sie nur im Steirischen \u00d6lk\u00fcrbis findet. Aus den ger\u00f6steten und gepressten Kernen gewinnen wir nach bew\u00e4hrtem, traditionellem Rezept das mit Gold pr\u00e4mierte und begehrte \u00d6l, das in dieser Qualit\u00e4t nur in [&#8230;]\n","protected":false},"featured_media":17194,"comment_status":"closed","ping_status":"closed","template":"","meta":[],"product_brand":[],"product_cat":[100],"product_tag":[],"class_list":{"0":"post-17161","1":"product","2":"type-product","3":"status-publish","4":"has-post-thumbnail","6":"product_cat-kuerbiskernoel-kuerbiskernoel","8":"first","9":"instock","10":"taxable","11":"shipping-taxable","12":"purchasable","13":"product-type-simple"},"_links":{"self":[{"href":"https:\/\/www.thermenbauernladen.com\/online\/wp-json\/wp\/v2\/product\/17161","targetHints":{"allow":["GET"]}}],"collection":[{"href":"https:\/\/www.thermenbauernladen.com\/online\/wp-json\/wp\/v2\/product"}],"about":[{"href":"https:\/\/www.thermenbauernladen.com\/online\/wp-json\/wp\/v2\/types\/product"}],"replies":[{"embeddable":true,"href":"https:\/\/www.thermenbauernladen.com\/online\/wp-json\/wp\/v2\/comments?post=17161"}],"wp:featuredmedia":[{"embeddable":true,"href":"https:\/\/www.thermenbauernladen.com\/online\/wp-json\/wp\/v2\/media\/17194"}],"wp:attachment":[{"href":"https:\/\/www.thermenbauernladen.com\/online\/wp-json\/wp\/v2\/media?parent=17161"}],"wp:term":[{"taxonomy":"product_brand","embeddable":true,"href":"https:\/\/www.thermenbauernladen.com\/online\/wp-json\/wp\/v2\/product_brand?post=17161"},{"taxonomy":"product_cat","embeddable":true,"href":"https:\/\/www.thermenbauernladen.com\/online\/wp-json\/wp\/v2\/product_cat?post=17161"},{"taxonomy":"product_tag","embeddable":true,"href":"https:\/\/www.thermenbauernladen.com\/online\/wp-json\/wp\/v2\/product_tag?post=17161"}],"curies":[{"name":"wp","href":"https:\/\/api.w.org\/{rel}","templated":true}]}}