{"id":17911,"date":"2022-05-27T19:27:14","date_gmt":"2022-05-27T17:27:14","guid":{"rendered":"https:\/\/mygeschenk.at\/?post_type=product&amp;p=17911"},"modified":"2022-05-27T19:27:14","modified_gmt":"2022-05-27T17:27:14","slug":"vollbier-bio-gold-033l-toni-braeu","status":"publish","type":"product","link":"https:\/\/www.thermenbauernladen.com\/online\/produkt\/vollbier-bio-gold-033l-toni-braeu\/","title":{"rendered":"Vollbier Bio-Gold 0,33l &#8211; Toni Br\u00e4u"},"content":{"rendered":"<h2>Vollbier Bio-Gold 0,33l &#8211; Toni Br\u00e4u<\/h2>\n<p>&nbsp;<\/p>\n<p>Toni-Br\u00e4u produziert nur nat\u00fcrlich gebrautes Bier, welches ausschlie\u00dflich mit Zutaten von zertifizierten Produkten aus der Region hergestellt wird. Das Vollbier Bio-Gold\u00a0ist ein naturtr\u00fcbes und naturbelassenes Bier, das durch die nat\u00fcrlich entstandene Kohlens\u00e4ure einen besonders s\u00fcffigen Charakter besitzt.<\/p>\n<div class=\"single_inside_content\">\n<div><\/div>\n<\/div>\n<p><u>Kulinarischer Tipp<\/u><\/p>\n<p>&nbsp;<\/p>\n<p>Genie\u00dfen Sie Ihr k\u00fchles Bier zur regionalen K\u00fcche\u00a0oder einfach beim gem\u00fctlichen Zusammensein mit Freunden.<\/p>\n<p>&nbsp;<\/p>\n<hr \/>\n<p>&nbsp;<\/p>\n<table dir=\"ltr\" border=\"0\" cellspacing=\"0\" cellpadding=\"0\" align=\"left\">\n<tbody>\n<tr>\n<td>Zutaten\/Inhaltsstoffe<\/td>\n<td><\/td>\n<\/tr>\n<tr>\n<td>Charakteristik<\/td>\n<td>cremig; zartherb und malzig<\/td>\n<\/tr>\n<tr>\n<td>Lagerung<\/td>\n<td>k\u00fchl und dunkel<\/td>\n<\/tr>\n<tr>\n<td>Alkohol<\/td>\n<td><\/td>\n<\/tr>\n<tr>\n<td>Allergene<\/td>\n<td><\/td>\n<\/tr>\n<tr>\n<td>Passt zu<\/td>\n<td>regionaler K\u00fcche<\/td>\n<\/tr>\n<\/tbody>\n<\/table>\n<hr \/>\n<p>&nbsp;<\/p>\n<hr \/>\n<p>&nbsp;<\/p>\n<div><\/div>\n<p>Ein Traum von einem Bier<\/p>\n<p>&nbsp;<\/p>\n<p>Bier wird seit 6.000 Jahren gebraut, und entgegen \u00fcblicher Vorurteile\u00a0ist es keine reine M\u00e4nnersache. In der Geschichte des Bieres spielen zwar die Klosterbrauereien eine bedeutende Rolle, jedoch es gibt auch Nonnenkl\u00f6ster. Es war n\u00e4mlich kein Abt, der sich als erster wissenschaftlich \u00fcber die Brauereikunst ausgelassen hat, sondern die \u00c4btissin Hildegard von Bingen.<\/p>\n<p>Der positive Einfluss von Bier auf unsere Gesundheit wird von fast allen Wissenschaftlern best\u00e4tigt, die sich diesem Thema gewidmet haben: Im Bier sind Mineralien und Spurenelemente enthalten, die gut f\u00fcr Nerven und Muskelkraft sind. Eisen und Kupfer wirken sich positiv auf die Blutbildung aus, und Phosphor unterst\u00fctzt den Stoffwechsel. Magnesium f\u00f6rdert den Herzmuskel, Zink die Insulinbildung. Au\u00dferdem enth\u00e4lt Bier viele B-Vitamine. Bier wirkt beruhigend, harntreibend, wohltuend und appetitanregend \u2013 was wom\u00f6glich den Bierbauch erkl\u00e4rt.<\/p>\n<p>&nbsp;<\/p>\n<p><u>\u00dcber den Produzenten<\/u><\/p>\n<p>Toni Hofer funktionierte eine alte K\u00e4serei in eine Brauerei um, die 2002 er\u00f6ffnet wurde. Mittlerweile ist der Familienbetrieb bekannt f\u00fcr sein nicht filtriertes, nicht pasteurisiertes\u00a0Naturbier \u201eTONI BR\u00c4U\u201c, das aus Wasser, Hopfen, Malz und etwas ganz Besonderem besteht.\u00a0Im Zentrum des Betriebs steht \u00f6kologisches Handeln und eine 100% klimaneutrale Produktion.<\/p>\n<p>&nbsp;<\/p>\n<p><u>Fragen zum Produkt<\/u><\/p>\n<p>produkt@thermenbauernladen.at<\/p>\n<p>&nbsp;<\/p>\n<p><u>Herkunft<\/u><\/p>\n<p>Inmitten der Oststeiermark und dem Thermenland gelegen, erstreckt sich die 2-Thermenregion Bad Waltersdorf. Die Region ist nicht nur f\u00fcr ihre landschaftliche, sondern auch f\u00fcr ihre kulinarische Vielfalt bekannt. Vom heimischen Obst und Gem\u00fcse bis hin zu Milchprodukten bietet die Region ihren G\u00e4sten zahlreiche Natursch\u00e4tze.<\/p>\n","protected":false},"excerpt":{"rendered":"<p>Naturtr\u00fcb und s\u00fcffig &#8211; das beliebte Bio-Vollbier von Toni Br\u00e4u<\/p>\n<p>Ein naturbelassenes, steirisches Bier, das ges\u00fcnder ist, als man denkt<\/p>\n","protected":false},"featured_media":17912,"comment_status":"closed","ping_status":"closed","template":"","meta":[],"product_brand":[],"product_cat":[3968],"product_tag":[],"class_list":{"0":"post-17911","1":"product","2":"type-product","3":"status-publish","4":"has-post-thumbnail","6":"product_cat-toni-braeu","8":"first","9":"instock","10":"taxable","11":"shipping-taxable","12":"product-type-simple"},"_links":{"self":[{"href":"https:\/\/www.thermenbauernladen.com\/online\/wp-json\/wp\/v2\/product\/17911","targetHints":{"allow":["GET"]}}],"collection":[{"href":"https:\/\/www.thermenbauernladen.com\/online\/wp-json\/wp\/v2\/product"}],"about":[{"href":"https:\/\/www.thermenbauernladen.com\/online\/wp-json\/wp\/v2\/types\/product"}],"replies":[{"embeddable":true,"href":"https:\/\/www.thermenbauernladen.com\/online\/wp-json\/wp\/v2\/comments?post=17911"}],"wp:featuredmedia":[{"embeddable":true,"href":"https:\/\/www.thermenbauernladen.com\/online\/wp-json\/wp\/v2\/media\/17912"}],"wp:attachment":[{"href":"https:\/\/www.thermenbauernladen.com\/online\/wp-json\/wp\/v2\/media?parent=17911"}],"wp:term":[{"taxonomy":"product_brand","embeddable":true,"href":"https:\/\/www.thermenbauernladen.com\/online\/wp-json\/wp\/v2\/product_brand?post=17911"},{"taxonomy":"product_cat","embeddable":true,"href":"https:\/\/www.thermenbauernladen.com\/online\/wp-json\/wp\/v2\/product_cat?post=17911"},{"taxonomy":"product_tag","embeddable":true,"href":"https:\/\/www.thermenbauernladen.com\/online\/wp-json\/wp\/v2\/product_tag?post=17911"}],"curies":[{"name":"wp","href":"https:\/\/api.w.org\/{rel}","templated":true}]}}