{"id":18023,"date":"2022-05-28T07:38:24","date_gmt":"2022-05-28T05:38:24","guid":{"rendered":"https:\/\/www.thermenbauernladen.com\/online\/?post_type=product&#038;p=18023"},"modified":"2024-03-27T19:20:52","modified_gmt":"2024-03-27T18:20:52","slug":"osterkorb-zeit-fuer-uns-2","status":"publish","type":"product","link":"https:\/\/www.thermenbauernladen.com\/online\/produkt\/osterkorb-zeit-fuer-uns-2\/","title":{"rendered":"Osterkorb &#8222;Zeit f\u00fcr uns&#8220;"},"content":{"rendered":"<div>Feiern Sie zusammen mit unseren Genussprodukten Ostern. Wir liefern Ihnen diesen schmackhaften Oster-Genuss aus Bad Waltersdorf zu Ihnen nachhause. Der Bad Waltersdorfer Osterkorb &#8222;Zeit f\u00fcr uns&#8220; beinhaltet alles was Sie f\u00fcr ein gelungenes Osterfest ben\u00f6tigen.<\/div>\n<div><\/div>\n<div>Inhalt:<\/div>\n<div>ca. 500g Bauernbrot<\/div>\n<div>ca. 2&#215;200 g Fleisch (zwei verschiedene Sorten)<\/div>\n<div>ca. 200g Hausw\u00fcrstl<\/div>\n<div>1 K\u00e4seb\u00e4llchen<\/div>\n<p>3 bunte Ostereier oder<\/p>\n<div>1 Tafel Schokolade<\/div>\n","protected":false},"excerpt":{"rendered":"<p>Feiern Sie zusammen mit unseren Genussprodukten Ostern. Wir liefern Ihnen diesen schmackhaften Oster-Genuss aus Bad Waltersdorf zu Ihnen nachhause. Der Bad Waltersdorfer Osterkorb &#8222;Zeit f\u00fcr uns&#8220; beinhaltet alles was Sie f\u00fcr ein gelungenes Osterfest ben\u00f6tigen.<\/p>\n","protected":false},"featured_media":18056,"comment_status":"closed","ping_status":"closed","template":"","meta":[],"product_brand":[],"product_cat":[94],"product_tag":[],"class_list":{"0":"post-18023","1":"product","2":"type-product","3":"status-publish","4":"has-post-thumbnail","6":"product_cat-osterkorb","8":"first","9":"instock","10":"taxable","11":"shipping-taxable","12":"product-type-simple"},"_links":{"self":[{"href":"https:\/\/www.thermenbauernladen.com\/online\/wp-json\/wp\/v2\/product\/18023","targetHints":{"allow":["GET"]}}],"collection":[{"href":"https:\/\/www.thermenbauernladen.com\/online\/wp-json\/wp\/v2\/product"}],"about":[{"href":"https:\/\/www.thermenbauernladen.com\/online\/wp-json\/wp\/v2\/types\/product"}],"replies":[{"embeddable":true,"href":"https:\/\/www.thermenbauernladen.com\/online\/wp-json\/wp\/v2\/comments?post=18023"}],"wp:featuredmedia":[{"embeddable":true,"href":"https:\/\/www.thermenbauernladen.com\/online\/wp-json\/wp\/v2\/media\/18056"}],"wp:attachment":[{"href":"https:\/\/www.thermenbauernladen.com\/online\/wp-json\/wp\/v2\/media?parent=18023"}],"wp:term":[{"taxonomy":"product_brand","embeddable":true,"href":"https:\/\/www.thermenbauernladen.com\/online\/wp-json\/wp\/v2\/product_brand?post=18023"},{"taxonomy":"product_cat","embeddable":true,"href":"https:\/\/www.thermenbauernladen.com\/online\/wp-json\/wp\/v2\/product_cat?post=18023"},{"taxonomy":"product_tag","embeddable":true,"href":"https:\/\/www.thermenbauernladen.com\/online\/wp-json\/wp\/v2\/product_tag?post=18023"}],"curies":[{"name":"wp","href":"https:\/\/api.w.org\/{rel}","templated":true}]}}