{"id":18067,"date":"2022-05-28T07:38:48","date_gmt":"2022-05-28T05:38:48","guid":{"rendered":"https:\/\/www.thermenbauernladen.com\/online\/?post_type=product&#038;p=18067"},"modified":"2022-05-28T07:38:51","modified_gmt":"2022-05-28T05:38:51","slug":"welschriesling-075l-maluhof","status":"publish","type":"product","link":"https:\/\/www.thermenbauernladen.com\/online\/produkt\/welschriesling-075l-maluhof\/","title":{"rendered":"Welschriesling 0,75l &#8211; Maluhof"},"content":{"rendered":"<p>Der Welschriesling ist die bedeutendste Wei\u00dfweinsorte der Steiermark. Er ist eine sp\u00e4t reifende Rebsorte, die als goldgelber Wein besonders spritzig und fruchtig erlebt wird. Ursprungsland dieses kulinarischen Allrounders ist die Champagne in Frankreich,\u00a0 wo der Wein aber nicht mehr angebaut wird. In der 2-Thermenregion haben wir\u00a0den trockenen Wei\u00dfen zur H\u00f6chstform auflaufen lassen.<\/p>\n<p><u>Kulinarischer Tipp<\/u><\/p>\n<p>Der Welschriesling ist ein Wei\u00dfwein f\u00fcr alle Tage und passt sowohl zu leichten, warmen Gerichten wie zur heimischen Forelle, als auch zur deftigen Jause beim Buschenschank oder Heurigen.<\/p>\n<hr \/>\n<table class=\" cke_show_border\" dir=\"ltr\" border=\"0\" cellspacing=\"0\" cellpadding=\"0\" align=\"left\">\n<tbody>\n<tr>\n<td>Charakteristik<\/td>\n<td>trocken und rassig; frisches, apfel-fruchtiges Bukett<\/td>\n<\/tr>\n<tr>\n<td>Vinifikation<\/td>\n<td><\/td>\n<\/tr>\n<tr>\n<td>Trinktemperatur<\/td>\n<td>12-14\u00b0C<\/td>\n<\/tr>\n<tr>\n<td>Lage<\/td>\n<td><\/td>\n<\/tr>\n<tr>\n<td>Alkoholgehalt<\/td>\n<td><\/td>\n<\/tr>\n<tr>\n<td>Passt zu<\/td>\n<td>leichten Gerichten aller Art, Fisch, kalter Jause<\/td>\n<\/tr>\n<\/tbody>\n<\/table>\n<hr \/>\n<hr \/>\n<div class=\"cke_pagebreak\" title=\"Seitenumbruch einf\u00fcgen\" data-cke-display-name=\"pagebreak\" aria-label=\"Seitenumbruch einf\u00fcgen\"><\/div>\n<p><u>\u00dcber den Produzenten<\/u><\/p>\n<p>In der seit 30 Jahren als Familienbetrieb gef\u00fchrten Buschenschank mit wundersch\u00f6ner Aussicht bietet die Familie Pichler steirische Weine und Edelbr\u00e4nde aus dem eigenen Weingut, typisch steirische Spezialit\u00e4ten, frische Obsts\u00e4fte und hausgemachte Mehlspeisen.<\/p>\n<p><u>Fragen zum Produkt<\/u><\/p>\n<p>produkt@thermenbauernladen.at<\/p>\n<p><u>Herkunft<\/u><\/p>\n<p>Inmitten der Oststeiermark und dem Thermenland gelegen, erstreckt sich die 2-Thermenregion Bad Waltersdorf. Die Region ist nicht nur f\u00fcr ihre landschaftliche, sondern auch f\u00fcr ihre kulinarische Vielfalt bekannt. Vom heimischen Obst und Gem\u00fcse bis hin zu Milchprodukten bietet die Region ihren G\u00e4sten zahlreiche Natursch\u00e4tze.<\/p>\n","protected":false},"excerpt":{"rendered":"<p>Trocken und erfrischend \u2013 der steirische Klassiker aus der 2-Thermenregion<\/p>\n<p>Ein leichter, trockener Wei\u00dfer, der als kulinarischer Allrounder gefeiert wird<\/p>\n","protected":false},"featured_media":18094,"comment_status":"closed","ping_status":"closed","template":"","meta":[],"product_brand":[],"product_cat":[136,139],"product_tag":[102,104,105,106],"class_list":{"0":"post-18067","1":"product","2":"type-product","3":"status-publish","4":"has-post-thumbnail","6":"product_cat-maluhof","7":"product_cat-weisswein-wein-vinothek-destillerie","8":"product_tag-bad-waltersdorf","9":"product_tag-maluhof","10":"product_tag-maluhof-at","11":"product_tag-wagerberg","13":"first","14":"instock","15":"taxable","16":"shipping-taxable","17":"product-type-simple"},"_links":{"self":[{"href":"https:\/\/www.thermenbauernladen.com\/online\/wp-json\/wp\/v2\/product\/18067","targetHints":{"allow":["GET"]}}],"collection":[{"href":"https:\/\/www.thermenbauernladen.com\/online\/wp-json\/wp\/v2\/product"}],"about":[{"href":"https:\/\/www.thermenbauernladen.com\/online\/wp-json\/wp\/v2\/types\/product"}],"replies":[{"embeddable":true,"href":"https:\/\/www.thermenbauernladen.com\/online\/wp-json\/wp\/v2\/comments?post=18067"}],"wp:featuredmedia":[{"embeddable":true,"href":"https:\/\/www.thermenbauernladen.com\/online\/wp-json\/wp\/v2\/media\/18094"}],"wp:attachment":[{"href":"https:\/\/www.thermenbauernladen.com\/online\/wp-json\/wp\/v2\/media?parent=18067"}],"wp:term":[{"taxonomy":"product_brand","embeddable":true,"href":"https:\/\/www.thermenbauernladen.com\/online\/wp-json\/wp\/v2\/product_brand?post=18067"},{"taxonomy":"product_cat","embeddable":true,"href":"https:\/\/www.thermenbauernladen.com\/online\/wp-json\/wp\/v2\/product_cat?post=18067"},{"taxonomy":"product_tag","embeddable":true,"href":"https:\/\/www.thermenbauernladen.com\/online\/wp-json\/wp\/v2\/product_tag?post=18067"}],"curies":[{"name":"wp","href":"https:\/\/api.w.org\/{rel}","templated":true}]}}