{"id":18413,"date":"2022-05-28T07:40:27","date_gmt":"2022-05-28T05:40:27","guid":{"rendered":"https:\/\/www.thermenbauernladen.com\/online\/?post_type=product&#038;p=18413"},"modified":"2022-05-28T07:40:42","modified_gmt":"2022-05-28T05:40:42","slug":"sauvignon-blanc-075l-weinhof-pichler-2","status":"publish","type":"product","link":"https:\/\/www.thermenbauernladen.com\/online\/produkt\/sauvignon-blanc-075l-weinhof-pichler-2\/","title":{"rendered":"Sauvignon blanc 0,75l &#8211; Weinhof Pichler"},"content":{"rendered":"<h2>Sauvignon blanc 0,75l &#8211; Weinhof Pichler<\/h2>\n<p>&nbsp;<\/p>\n<p>Der fruchtig-blumige Touch des Sauvignon Blanc ergibt zusammen mit der feinen S\u00e4urenote ein wunderbar harmonisches Geschmackserlebnis. Sein charakteristisches Bukett mit dem feinen Aroma nach Stachelbeeren und tropischen Fr\u00fcchten wird sich bei Temperaturen zwischen 12\u00b0 und 14\u00b0C am besten entfalten. Bereits im 19. Jahrhundert wurde der Sauvingnon Blanc unter dem Namen \u201eMuskat-Sylvaner\u201c von Erzherzog Johann eingef\u00fchrt.<\/p>\n<p>&nbsp;<\/p>\n<p><u>Kulinarischer Tipp<\/u><\/p>\n<p>&nbsp;<\/p>\n<p>Schmeckt hervorragend zu Fisch, Meeresfr\u00fcchte, Gefl\u00fcgel, Salaten, S\u00fc\u00dfspeisen.<\/p>\n<p>&nbsp;<\/p>\n<hr \/>\n<p>&nbsp;<\/p>\n<table dir=\"ltr\" border=\"0\" cellspacing=\"0\" cellpadding=\"0\" align=\"left\">\n<tbody>\n<tr>\n<td>Charakteristik<\/td>\n<td>fruchtig-feines Aroma nach Stachelbeeren; klares Strohgelb<\/td>\n<\/tr>\n<tr>\n<td>Vinifikation<\/td>\n<td>Verg\u00e4rung und Lagerung im Stahltank<\/td>\n<\/tr>\n<tr>\n<td>Trinktemperatur<\/td>\n<td>12-14\u00b0C<\/td>\n<\/tr>\n<tr>\n<td>Lage<\/td>\n<td><\/td>\n<\/tr>\n<tr>\n<td>Alkoholgehalt<\/td>\n<td>12,00% Vol. Alk.<\/td>\n<\/tr>\n<tr>\n<td>Passt zu<\/td>\n<td>Fisch, Meeresfr\u00fcchten, Gefl\u00fcgel, Salaten, S\u00fc\u00dfspeisen<\/td>\n<\/tr>\n<\/tbody>\n<\/table>\n<hr \/>\n<p>&nbsp;<\/p>\n<hr \/>\n<p>&nbsp;<\/p>\n<div><\/div>\n<p>&nbsp;<\/p>\n<p><u>\u00dcber den Produzenten<\/u><\/p>\n<p>Der Weinhof Pichler hat seine Wurzeln im b\u00e4uerlichen Familienunternehmen, das seit Generationen in Leitersdorf besteht. Auf rund zw\u00f6lf Hektar wachsen die Trauben des Betriebs, die, zu verschiedenen Sorten edler Tropfen verarbeitet, auch Kenner \u00fcberzeugen. Der Schwerpunkt des Weinhofs liegt vor allem bei klassisch-trockenen Weinen.<\/p>\n<p>&nbsp;<\/p>\n<p><u>Fragen zum Produkt<\/u><\/p>\n<p>produkt@thermenbauernladen.at<\/p>\n<p>&nbsp;<\/p>\n<p><u>Herkunft<\/u><\/p>\n<p>Inmitten der Oststeiermark und dem Thermenland gelegen, erstreckt sich die 2-Thermenregion Bad Waltersdorf. Die Region ist nicht nur f\u00fcr ihre landschaftliche, sondern auch f\u00fcr ihre kulinarische Vielfalt bekannt. Vom heimischen Obst und Gem\u00fcse bis hin zu Milchprodukten bietet die Region ihren G\u00e4sten zahlreiche Natursch\u00e4tze.<\/p>\n","protected":false},"excerpt":{"rendered":"<p>Verf\u00fchrerisch und fruchtig\u00a0\u2013 der \u201eShooting Star\u201c unter den steirischen Weinen<\/p>\n<p>Ein eleganter Wein mit eleganten Zitrusnuancen und dem zarten Duft nach Stachelbeeren, bl\u00fchenden Str\u00e4uchern und Wiesenkr\u00e4utern.<\/p>\n","protected":false},"featured_media":18446,"comment_status":"closed","ping_status":"closed","template":"","meta":[],"product_brand":[],"product_cat":[139],"product_tag":[],"class_list":{"0":"post-18413","1":"product","2":"type-product","3":"status-publish","4":"has-post-thumbnail","6":"product_cat-weisswein-wein-vinothek-destillerie","8":"first","9":"instock","10":"taxable","11":"shipping-taxable","12":"product-type-simple"},"_links":{"self":[{"href":"https:\/\/www.thermenbauernladen.com\/online\/wp-json\/wp\/v2\/product\/18413","targetHints":{"allow":["GET"]}}],"collection":[{"href":"https:\/\/www.thermenbauernladen.com\/online\/wp-json\/wp\/v2\/product"}],"about":[{"href":"https:\/\/www.thermenbauernladen.com\/online\/wp-json\/wp\/v2\/types\/product"}],"replies":[{"embeddable":true,"href":"https:\/\/www.thermenbauernladen.com\/online\/wp-json\/wp\/v2\/comments?post=18413"}],"wp:featuredmedia":[{"embeddable":true,"href":"https:\/\/www.thermenbauernladen.com\/online\/wp-json\/wp\/v2\/media\/18446"}],"wp:attachment":[{"href":"https:\/\/www.thermenbauernladen.com\/online\/wp-json\/wp\/v2\/media?parent=18413"}],"wp:term":[{"taxonomy":"product_brand","embeddable":true,"href":"https:\/\/www.thermenbauernladen.com\/online\/wp-json\/wp\/v2\/product_brand?post=18413"},{"taxonomy":"product_cat","embeddable":true,"href":"https:\/\/www.thermenbauernladen.com\/online\/wp-json\/wp\/v2\/product_cat?post=18413"},{"taxonomy":"product_tag","embeddable":true,"href":"https:\/\/www.thermenbauernladen.com\/online\/wp-json\/wp\/v2\/product_tag?post=18413"}],"curies":[{"name":"wp","href":"https:\/\/api.w.org\/{rel}","templated":true}]}}