{"id":18456,"date":"2022-05-28T07:40:50","date_gmt":"2022-05-28T05:40:50","guid":{"rendered":"https:\/\/www.thermenbauernladen.com\/online\/?post_type=product&#038;p=18456"},"modified":"2022-05-28T07:40:57","modified_gmt":"2022-05-28T05:40:57","slug":"sauvignon-blanc-075l-weingut-glatz-2","status":"publish","type":"product","link":"https:\/\/www.thermenbauernladen.com\/online\/produkt\/sauvignon-blanc-075l-weingut-glatz-2\/","title":{"rendered":"Sauvignon Blanc 0,75l &#8211; Weingut Glatz"},"content":{"rendered":"<h2>Sauvignon Blanc 0,75l &#8211; Weingut Glatz<\/h2>\n<p>Der fruchtig-blumige Touch des Sauvignon Blanc ergibt zusammen mit der feinen S\u00e4urenote ein wunderbar harmonisches Geschmackserlebnis. Bereits im 19. Jahrhundert wurde der Sauvingnon Blanc unter dem Namen \u201eMuskat-Sylvaner\u201c von Erzherzog Johann eingef\u00fchrt.<\/p>\n<p>Der Sauvignon Blanc vom\u00a0preisgekr\u00f6nten Weingug Glatz ist ein &#8222;facettenreicher Spaziergang&#8220; mit belebender Brennnessel, frischem Holunder und duftenden Lindenbl\u00fcten, begleitet von fruchtiger Cassis und feiner Kr\u00e4uterw\u00fcrze.<\/p>\n<p>&nbsp;<\/p>\n<p><u>Kulinarischer Tipp<\/u><\/p>\n<p>&nbsp;<\/p>\n<p>Schmeckt hervorragend zu Fisch, Meeresfr\u00fcchte, Gefl\u00fcgel, Salaten, S\u00fc\u00dfspeisen.<\/p>\n<p>&nbsp;<\/p>\n<hr \/>\n<p>&nbsp;<\/p>\n<table dir=\"ltr\" border=\"0\" cellspacing=\"0\" cellpadding=\"0\" align=\"left\">\n<tbody>\n<tr>\n<td>Charakteristik<\/td>\n<td>fruchtig-feines Aroma nach Holunder und Lindenbl\u00fcten<\/td>\n<\/tr>\n<tr>\n<td>Vinifikation<\/td>\n<td>Verg\u00e4rung und Lagerung im Stahltank<\/td>\n<\/tr>\n<tr>\n<td>Trinktemperatur<\/td>\n<td>10-12\u00b0C<\/td>\n<\/tr>\n<tr>\n<td>Lage<\/td>\n<td><\/td>\n<\/tr>\n<tr>\n<td>Alkoholgehalt<\/td>\n<td>12,5% Vol. Alk.<\/td>\n<\/tr>\n<tr>\n<td>Passt zu<\/td>\n<td>Fisch, Meeresfr\u00fcchten, Gefl\u00fcgel, Salaten, S\u00fc\u00dfspeisen<\/td>\n<\/tr>\n<\/tbody>\n<\/table>\n<hr \/>\n<p>&nbsp;<\/p>\n<hr \/>\n<p>&nbsp;<\/p>\n<div><\/div>\n<p>&nbsp;<\/p>\n<p><u>\u00dcber den Produzenten<\/u><\/p>\n<p>1969 legten Karl und Anna Glatz den Grundstein f\u00fcr das heutige Weingut. Der damals seiner Zeit weit vorausdenkende Winzer errichtete einen f\u00fcr die Oststeiermark typischen Vierkanthof, der auch heute noch der Hauptsitz ist. Die Enkelin Katharina Glatz \u00fcbernahm das Weingut 1989 und baute es mit ihrem Lebensgef\u00e4hrten Karl N\u00f6hrer zur heutigen Gr\u00f6\u00dfe aus.<\/p>\n<p>&nbsp;<\/p>\n<p><u>Fragen zum Produkt<\/u><\/p>\n<p>produkt@thermenbauernladen.at<\/p>\n<p>&nbsp;<\/p>\n<p><u>Herkunft<\/u><\/p>\n<p>Inmitten der Oststeiermark und dem Thermenland gelegen, erstreckt sich die 2-Thermenregion Bad Waltersdorf. Die Region ist nicht nur f\u00fcr ihre landschaftliche, sondern auch f\u00fcr ihre kulinarische Vielfalt bekannt. Vom heimischen Obst und Gem\u00fcse bis hin zu Milchprodukten bietet die Region ihren G\u00e4sten zahlreiche Natursch\u00e4tze.<\/p>\n","protected":false},"excerpt":{"rendered":"<p>Belebend und blumig &#8211; der Sauvignon Blanc vom mehfach pr\u00e4mierten Weingug Glatz<\/p>\n<p>Ein blumiger\u00a0Wei\u00dfwein\u00a0begleitet von fruchtiger Cassis und feiner Kr\u00e4uterw\u00fcrze<\/p>\n","protected":false},"featured_media":18487,"comment_status":"closed","ping_status":"closed","template":"","meta":[],"product_brand":[],"product_cat":[139],"product_tag":[],"class_list":{"0":"post-18456","1":"product","2":"type-product","3":"status-publish","4":"has-post-thumbnail","6":"product_cat-weisswein-wein-vinothek-destillerie","8":"first","9":"instock","10":"taxable","11":"shipping-taxable","12":"product-type-simple"},"_links":{"self":[{"href":"https:\/\/www.thermenbauernladen.com\/online\/wp-json\/wp\/v2\/product\/18456","targetHints":{"allow":["GET"]}}],"collection":[{"href":"https:\/\/www.thermenbauernladen.com\/online\/wp-json\/wp\/v2\/product"}],"about":[{"href":"https:\/\/www.thermenbauernladen.com\/online\/wp-json\/wp\/v2\/types\/product"}],"replies":[{"embeddable":true,"href":"https:\/\/www.thermenbauernladen.com\/online\/wp-json\/wp\/v2\/comments?post=18456"}],"wp:featuredmedia":[{"embeddable":true,"href":"https:\/\/www.thermenbauernladen.com\/online\/wp-json\/wp\/v2\/media\/18487"}],"wp:attachment":[{"href":"https:\/\/www.thermenbauernladen.com\/online\/wp-json\/wp\/v2\/media?parent=18456"}],"wp:term":[{"taxonomy":"product_brand","embeddable":true,"href":"https:\/\/www.thermenbauernladen.com\/online\/wp-json\/wp\/v2\/product_brand?post=18456"},{"taxonomy":"product_cat","embeddable":true,"href":"https:\/\/www.thermenbauernladen.com\/online\/wp-json\/wp\/v2\/product_cat?post=18456"},{"taxonomy":"product_tag","embeddable":true,"href":"https:\/\/www.thermenbauernladen.com\/online\/wp-json\/wp\/v2\/product_tag?post=18456"}],"curies":[{"name":"wp","href":"https:\/\/api.w.org\/{rel}","templated":true}]}}