{"id":18564,"date":"2022-05-28T07:41:38","date_gmt":"2022-05-28T05:41:38","guid":{"rendered":"https:\/\/www.thermenbauernladen.com\/online\/?post_type=product&#038;p=18564"},"modified":"2022-05-28T07:41:57","modified_gmt":"2022-05-28T05:41:57","slug":"hirschbirnbrand-035l-naturparkbauernhof-poeltl-2","status":"publish","type":"product","link":"https:\/\/www.thermenbauernladen.com\/online\/produkt\/hirschbirnbrand-035l-naturparkbauernhof-poeltl-2\/","title":{"rendered":"Hirschbirnbrand 0,35l &#8211; Naturparkbauernhof P\u00f6ltl"},"content":{"rendered":"<h2>Hirschbirnbrand 0,35l &#8211; Naturparkbauernhof P\u00f6ltl<\/h2>\n<p>*Produkt wird auf Rechnung und im Auftrag des Produzenten vermittelt!<br \/>\nKeine Lieferung au\u00dferhalb von \u00d6sterreich<\/p>\n<p>&nbsp;<\/p>\n<h2>Hirschbirnenbrand &#8211; Naturparkbauernhof P\u00f6ltl<\/h2>\n<p>Die P\u00f6llauer Hirschbirne hat eine edle Vergangenheit. Bereits unter Kaiserin Maria Theresia wurde sie zur Most und Schnapserzeugung nach Ungarn und Nieder\u00f6sterreich ausgeliefert. Das Brennen der Hirschbirne zu Edelbr\u00e4nden geht also auf eine jahrhundertealte Tradition zur\u00fcck.<\/p>\n<p>&nbsp;<\/p>\n<p><u>Kulinarischer Tipp<\/u><\/p>\n<p>&nbsp;<\/p>\n<p>Genie\u00dfen Sie Ihren Hirschbirnenbrand als fruchtig-scharfen Begleiter zu einer deftigen Brettljause und anderen herzhaften Speisen, oder einfach beim gem\u00fctlichen Zusammensitzen mit Freunden, denen Sie etwas Gutes tun wollen.<\/p>\n<p>Zutaten\/Inhaltsstoffe: vollreife Fr\u00fcchte<br \/>\nCharakteristik: klar und farblos; sortentypisches Birnenaroma mit leicht uriger, duftiger Note<br \/>\nLagerung: dunkel und k\u00fchl; 1 Jahr Mindesthaltbarkeit<br \/>\nPasst zu: steirische Brettljause, herzafte Speisen wie Schweinebraten oder Rindsgulasch<\/p>\n<p>&nbsp;<\/p>\n<div><\/div>\n<p>&nbsp;<\/p>\n<p>Auch f\u00fcr ein Stamperl Schnaps\u00a0darf man sich\u00a0mal Zeit nehmen.<\/p>\n<p>&nbsp;<\/p>\n<p>So wie wir Zeit zum Genie\u00dfen brauchen, braucht unsere preisgekr\u00f6nte P\u00f6llauer Birne Zeit zum Reifen und Gedeihen. Weil sich der Gehalt der Inhaltsstoffe der Hirschbirne mit zunehmender Reife \u00e4ndert, bedarf es eines spezifischen Know-Hows, um den idealen Zeitpunkt f\u00fcr die Ernte zu kennen. Und genau diesen Erfahrungsschatz horten und kultivieren wir hier in P\u00f6llau. Darum munkelt man auch, dass die P\u00f6llauer Bauern die besten Schnapsbrenner weit und breit sind. Ein Ger\u00fccht? Vielleicht. Am besten Sie \u00fcberzeugen sich selbst.<\/p>\n<p>&nbsp;<\/p>\n<p>&#8222;Sch\u00f6n ist, was sich seine Natur bewahrt.&#8220;<\/p>\n<p>&nbsp;<\/p>\n<p>Es ist ein Erlebnis, entlang der Wanderstrecken im P\u00f6llauer Tal bei den alten Hirschbirn-B\u00e4umen zu verweilen, um eine Begegnung zwischen Vergangenheit und Gegenwart in einem Augenblick der Ruhe zu genie\u00dfen. Wie Denkm\u00e4ler stehen diese Zeugen der b\u00e4uerlichen Best\u00e4ndigkeit in der Landschaft und erz\u00e4hlen Geschichten von damals, als die ersten Bauern das Gold in ihren Baumkronen entdeckten und von heute, da ihre Fr\u00fcchte als ein besonderes und sch\u00fctzenswertes Naturgut Anerkennung finden und die einzigartige Birne die Welt der Kulinarik erobert.<\/p>\n","protected":false},"excerpt":{"rendered":"<p>Sortentypisch, urig, duftig\u00a0 &#8211; der Brand aus der originalen Steirerbirn<\/p>\n<p>Die Fr\u00fcchte f\u00fcr unseren Hirschbirnenbrand werden bei optimaler Genussreife von Hand gelesen. So bleibt der nat\u00fcrliche Fruchtgenuss im Brand enthalten.<\/p>\n","protected":false},"featured_media":18595,"comment_status":"closed","ping_status":"closed","template":"","meta":[],"product_brand":[],"product_cat":[156],"product_tag":[],"class_list":{"0":"post-18564","1":"product","2":"type-product","3":"status-publish","4":"has-post-thumbnail","6":"product_cat-edelbraende-destillerie-vinothek-destillerie","8":"first","9":"instock","10":"taxable","11":"shipping-taxable","12":"product-type-simple"},"_links":{"self":[{"href":"https:\/\/www.thermenbauernladen.com\/online\/wp-json\/wp\/v2\/product\/18564","targetHints":{"allow":["GET"]}}],"collection":[{"href":"https:\/\/www.thermenbauernladen.com\/online\/wp-json\/wp\/v2\/product"}],"about":[{"href":"https:\/\/www.thermenbauernladen.com\/online\/wp-json\/wp\/v2\/types\/product"}],"replies":[{"embeddable":true,"href":"https:\/\/www.thermenbauernladen.com\/online\/wp-json\/wp\/v2\/comments?post=18564"}],"wp:featuredmedia":[{"embeddable":true,"href":"https:\/\/www.thermenbauernladen.com\/online\/wp-json\/wp\/v2\/media\/18595"}],"wp:attachment":[{"href":"https:\/\/www.thermenbauernladen.com\/online\/wp-json\/wp\/v2\/media?parent=18564"}],"wp:term":[{"taxonomy":"product_brand","embeddable":true,"href":"https:\/\/www.thermenbauernladen.com\/online\/wp-json\/wp\/v2\/product_brand?post=18564"},{"taxonomy":"product_cat","embeddable":true,"href":"https:\/\/www.thermenbauernladen.com\/online\/wp-json\/wp\/v2\/product_cat?post=18564"},{"taxonomy":"product_tag","embeddable":true,"href":"https:\/\/www.thermenbauernladen.com\/online\/wp-json\/wp\/v2\/product_tag?post=18564"}],"curies":[{"name":"wp","href":"https:\/\/api.w.org\/{rel}","templated":true}]}}