{"id":19117,"date":"2022-05-28T08:09:17","date_gmt":"2022-05-28T06:09:17","guid":{"rendered":"https:\/\/www.thermenbauernladen.com\/online\/?post_type=product&#038;p=19117"},"modified":"2022-05-28T08:09:20","modified_gmt":"2022-05-28T06:09:20","slug":"geschenk-box-bio-genuss-5","status":"publish","type":"product","link":"https:\/\/www.thermenbauernladen.com\/online\/produkt\/geschenk-box-bio-genuss-5\/","title":{"rendered":"Geschenk Box \u201eBIO Genuss\u201c"},"content":{"rendered":"<p>&nbsp;<\/p>\n<h2 style=\"text-align: center;\">Inhalt Deiner &#8222;Bio Genuss&#8220; Geschenk Box<\/h2>\n<p><strong>Bl\u00fctenhonig, 250g (BIO Qualit\u00e4t)<\/strong>Goldgelb und kr\u00e4ftig-s\u00fc\u00df &#8211; der Klassiker unter den Honigsorten. Aromatischer Honig aus den Bl\u00fctenpollen verschiedener Obstsorten und Blumen unserer regionalen Streuobst-Wiesen.<strong>Steirer Erdn Dose, 50g (BIO-Qualit\u00e4t)<\/strong>Die steirisch-bodenst\u00e4ndige Gew\u00fcrzmischung zum W\u00fcrzen von Fisch-, Fleisch- und Gem\u00fcsespeisen nach Lust und Laune. F\u00fcr diese geschmackvolle Gew\u00fcrz-Komposition werden nur 100% heimische, biologische Zutaten h\u00f6chster G\u00fcte verwendet. <strong>Knabber Kerne Bio Trio 3 Sorten, 225g\u00a0<strong>(BIO Qualit\u00e4t)<\/strong><\/strong>Knackig und gesund \u2013 die Knabberkerne aus dem ber\u00fchmten Steirischen \u00d6lk\u00fcrbis. Nur im Steirischen \u00d6lk\u00fcrbis findet man schalenlose Kerne. Und genau diese Besonderheit macht den einmaligen Geschmack der Kerne aus. Zusammen mit feiner Milchschokolade, Kokos- und Zart-Bitter-Geschmack wird der Knabberspa\u00df zu einer abwechslungsreichen Angelegenheit.<strong>Salami BIO vom Sonnenschwein, 1. Stk. (BIO-Qualit\u00e4t)<\/strong>Salamistangerl mit mediterranen Kr\u00e4utern f\u00fcr den perfekten Genuss. Das Salamistangerl aus der Folie nehmen &#8211; mit K\u00fcchenrolle abtupfen und Zimmertemperatur annehmen lassen. Schmeckt wohltuend. Kein Gluten und keine Laktose zugesetzt. <strong><strong>Zotter Schokolade, F\u00fcr Dich, 1 Stk.\u00a0<strong>(BIO Qualit\u00e4t)<\/strong><\/strong><\/strong>Abwechselnd geschichteter heller Mandelnougat und dunkler Haselnussnougat, knackig verfeinert mit gehacktem Haselnusskrokant. Getaucht in eine intensive dunkle Milchschokolade mit satten 60% Kakaoanteil.<\/p>\n<h2 style=\"text-align: center;\">Geschenk Box &#8222;BIO Genuss&#8220;<\/h2>\n<p style=\"text-align: center;\">Dein Genuss Geschenk aus \u00d6sterreich<\/p>\n<ul>\n<li>100% Beste Regionale BIO Premium Qualit\u00e4t<\/li>\n<li>Gratis Versand<\/li>\n<li>Umweltfreundliches Geschenk Verpackungssystem<\/li>\n<li>Heute bestellt, in 1-3 Tagen geliefert<\/li>\n<li>Tausende, zufriedene Kunden vertrauen uns<\/li>\n<\/ul>\n","protected":false},"excerpt":{"rendered":"<p>&nbsp; Inhalt Deiner &#8222;Bio Genuss&#8220; Geschenk Box Bl\u00fctenhonig, 250g (BIO Qualit\u00e4t)Goldgelb und kr\u00e4ftig-s\u00fc\u00df &#8211; der Klassiker unter den Honigsorten. Aromatischer Honig aus den Bl\u00fctenpollen verschiedener Obstsorten und Blumen unserer regionalen Streuobst-Wiesen.Steirer Erdn Dose, 50g (BIO-Qualit\u00e4t)Die steirisch-bodenst\u00e4ndige Gew\u00fcrzmischung zum W\u00fcrzen von Fisch-, Fleisch- und Gem\u00fcsespeisen nach Lust und Laune. F\u00fcr diese geschmackvolle Gew\u00fcrz-Komposition werden nur 100% [&#8230;]\n","protected":false},"featured_media":18049,"comment_status":"closed","ping_status":"closed","template":"","meta":[],"product_brand":[],"product_cat":[85],"product_tag":[],"class_list":{"0":"post-19117","1":"product","2":"type-product","3":"status-publish","4":"has-post-thumbnail","6":"product_cat-geschenke","7":"product_shipping_class-geschenke","9":"first","10":"instock","11":"taxable","12":"shipping-taxable","13":"purchasable","14":"product-type-simple"},"_links":{"self":[{"href":"https:\/\/www.thermenbauernladen.com\/online\/wp-json\/wp\/v2\/product\/19117","targetHints":{"allow":["GET"]}}],"collection":[{"href":"https:\/\/www.thermenbauernladen.com\/online\/wp-json\/wp\/v2\/product"}],"about":[{"href":"https:\/\/www.thermenbauernladen.com\/online\/wp-json\/wp\/v2\/types\/product"}],"replies":[{"embeddable":true,"href":"https:\/\/www.thermenbauernladen.com\/online\/wp-json\/wp\/v2\/comments?post=19117"}],"wp:featuredmedia":[{"embeddable":true,"href":"https:\/\/www.thermenbauernladen.com\/online\/wp-json\/wp\/v2\/media\/18049"}],"wp:attachment":[{"href":"https:\/\/www.thermenbauernladen.com\/online\/wp-json\/wp\/v2\/media?parent=19117"}],"wp:term":[{"taxonomy":"product_brand","embeddable":true,"href":"https:\/\/www.thermenbauernladen.com\/online\/wp-json\/wp\/v2\/product_brand?post=19117"},{"taxonomy":"product_cat","embeddable":true,"href":"https:\/\/www.thermenbauernladen.com\/online\/wp-json\/wp\/v2\/product_cat?post=19117"},{"taxonomy":"product_tag","embeddable":true,"href":"https:\/\/www.thermenbauernladen.com\/online\/wp-json\/wp\/v2\/product_tag?post=19117"}],"curies":[{"name":"wp","href":"https:\/\/api.w.org\/{rel}","templated":true}]}}