{"id":19140,"date":"2022-05-28T08:09:19","date_gmt":"2022-05-28T06:09:19","guid":{"rendered":"https:\/\/www.thermenbauernladen.com\/online\/?post_type=product&#038;p=19140"},"modified":"2022-05-28T08:09:22","modified_gmt":"2022-05-28T06:09:22","slug":"apfel-balsamessig-weinhof-pichler-025l-3","status":"publish","type":"product","link":"https:\/\/www.thermenbauernladen.com\/online\/produkt\/apfel-balsamessig-weinhof-pichler-025l-3\/","title":{"rendered":"Apfel-Balsamessig &#8211; Weinhof Pichler  0,25l"},"content":{"rendered":"<p>Sein s\u00fc\u00dfes, fruchtiges Aroma, die cremige Konsistenz und die aufwendige Produktion machen den Apfelbalsamico zu einer Delikatesse f\u00fcr jeden Feinschmecker und zu einem besonders attraktiven Speisen-Verfeinerer. Der hochwertige Saft wird nach traditioneller Methode eingekocht und in kleinen Holzf\u00e4ssern ausgebaut. Schon wenige Tropfen des delikaten Essigs verleihen pikanten Speisen eine elegante W\u00fcrze.<\/p>\n<p><u>Kulinarischer Tipp<\/u><\/p>\n<p>Der Apfelbalsam schmeckt wunderbar in Salatmarinaden, Fruchtsalaten, Grillso\u00dfen und auf Tomaten-Mozzarella. Er eignet sich zum Marinieren von Fleisch-, Fisch- und Gem\u00fcsegerichten und passt auch hervorragend zu Terrinen, Sulzen, Frischk\u00e4se, Carpaccio und Desserts \u00e0 la Panna Cotta. F\u00fcr Salatmarinaden kombinieren Sie ihn am besten mit Leindotter-, Sonnenblum-, oder K\u00fcrbiskern\u00f6l.<\/p>\n<hr \/>\n<table class=\" cke_show_border\" dir=\"ltr\" border=\"0\" cellspacing=\"0\" cellpadding=\"0\" align=\"left\">\n<tbody>\n<tr>\n<td>Zutaten\/Inhaltsstoffe<\/td>\n<td>Apfelessig, eingedickter Apfel-Direktsaft, 5 % S\u00e4uregehalt<\/td>\n<\/tr>\n<tr>\n<td>Charakteristik<\/td>\n<td>ausgepr\u00e4gtes Fruchtarmoma, angenehm runde S\u00e4ure, s\u00e4mige Konsistenz<\/td>\n<\/tr>\n<tr>\n<td>Lagerung<\/td>\n<td>trocken und dunkel<\/td>\n<\/tr>\n<tr>\n<td>Alkohol<\/td>\n<td>keiner<\/td>\n<\/tr>\n<tr>\n<td>Allergene<\/td>\n<td><\/td>\n<\/tr>\n<tr>\n<td>Passt zu<\/td>\n<td>Salat, Fruchtsalat, Marinaden, Grillsaucen, Tomaten-Mozzarella<\/td>\n<\/tr>\n<\/tbody>\n<\/table>\n<hr \/>\n<hr \/>\n<div class=\"cke_pagebreak\" title=\"Seitenumbruch einf\u00fcgen\" contenteditable=\"false\" data-cke-display-name=\"pagebreak\" aria-label=\"Seitenumbruch einf\u00fcgen\"><\/div>\n<p><u>\u00dcber den Produzenten<\/u><\/p>\n<p>Der Weinhof Pichler hat seine Wurzeln im b\u00e4uerlichen Familienunternehmen, das seit Generationen in Leitersdorf besteht. Auf rund zw\u00f6lf Hektar wachsen die Trauben des Betriebs, die, zu verschiedenen Sorten edler Tropfen verarbeitet, auch Kenner \u00fcberzeugen. Der Schwerpunkt des Weinhofs liegt vor allem bei klassisch-trockenen Weinen.<\/p>\n<p><u>Fragen zum Produkt<\/u><\/p>\n<p>produkt@thermenbauernladen.at<\/p>\n<p><u>Herkunft<\/u><\/p>\n<p>Inmitten der Oststeiermark und dem Thermenland gelegen, erstreckt sich die 2-Thermenregion Bad Waltersdorf. Die Region ist nicht nur f\u00fcr ihre landschaftliche, sondern auch f\u00fcr ihre kulinarische Vielfalt bekannt. Vom heimischen Obst und Gem\u00fcse bis hin zu Milchprodukten bietet die Region ihren G\u00e4sten zahlreiche Natursch\u00e4tze.<\/p>\n","protected":false},"excerpt":{"rendered":"<p>S\u00fc\u00df, aromatisch und sanft &#8211; der Balsamessig aus den\u00a0\u00c4pfeln der 2-Thermenregion<\/p>\n<p>Ein Essig aus wertvollem Apfel-Direktsaft und Apfelessig, der auch im Dessert begeistert<\/p>\n","protected":false},"featured_media":18059,"comment_status":"closed","ping_status":"closed","template":"","meta":[],"product_brand":[],"product_cat":[135],"product_tag":[],"class_list":{"0":"post-19140","1":"product","2":"type-product","3":"status-publish","4":"has-post-thumbnail","6":"product_cat-essigoel-spezialitaeten","8":"first","9":"instock","10":"taxable","11":"shipping-taxable","12":"product-type-simple"},"_links":{"self":[{"href":"https:\/\/www.thermenbauernladen.com\/online\/wp-json\/wp\/v2\/product\/19140","targetHints":{"allow":["GET"]}}],"collection":[{"href":"https:\/\/www.thermenbauernladen.com\/online\/wp-json\/wp\/v2\/product"}],"about":[{"href":"https:\/\/www.thermenbauernladen.com\/online\/wp-json\/wp\/v2\/types\/product"}],"replies":[{"embeddable":true,"href":"https:\/\/www.thermenbauernladen.com\/online\/wp-json\/wp\/v2\/comments?post=19140"}],"wp:featuredmedia":[{"embeddable":true,"href":"https:\/\/www.thermenbauernladen.com\/online\/wp-json\/wp\/v2\/media\/18059"}],"wp:attachment":[{"href":"https:\/\/www.thermenbauernladen.com\/online\/wp-json\/wp\/v2\/media?parent=19140"}],"wp:term":[{"taxonomy":"product_brand","embeddable":true,"href":"https:\/\/www.thermenbauernladen.com\/online\/wp-json\/wp\/v2\/product_brand?post=19140"},{"taxonomy":"product_cat","embeddable":true,"href":"https:\/\/www.thermenbauernladen.com\/online\/wp-json\/wp\/v2\/product_cat?post=19140"},{"taxonomy":"product_tag","embeddable":true,"href":"https:\/\/www.thermenbauernladen.com\/online\/wp-json\/wp\/v2\/product_tag?post=19140"}],"curies":[{"name":"wp","href":"https:\/\/api.w.org\/{rel}","templated":true}]}}