{"id":19232,"date":"2022-05-28T08:09:44","date_gmt":"2022-05-28T06:09:44","guid":{"rendered":"https:\/\/www.thermenbauernladen.com\/online\/?post_type=product&#038;p=19232"},"modified":"2022-05-28T08:09:45","modified_gmt":"2022-05-28T06:09:45","slug":"eier-likoer-020l-thermen-bauernladen-3","status":"publish","type":"product","link":"https:\/\/www.thermenbauernladen.com\/online\/produkt\/eier-likoer-020l-thermen-bauernladen-3\/","title":{"rendered":"Eier Lik\u00f6r 0,20l, Thermen-Bauernladen"},"content":{"rendered":"<p><strong>Lik\u00f6r\/Eierlik\u00f6r, 0,20l<\/strong><br \/>\nDer fein, sahnige Geschmack des Eierlik\u00f6rs passt zu jedem Anlass. Der sonnengelbe Lik\u00f6r mit cremigen Geschmack f\u00fcr den perfekten Genuss. Der Eierlik\u00f6r schmeckt urspr\u00fcnglich und original und wird nach traditioneller Art hergestellt. Ein ganz besonderes Highlight ergibt der Eierlik\u00f6r zusammen mit Vanilleeis. Aber auch verschiedene Creme-Desserts und andere S\u00fc\u00dfspeisen lassen sich wunderbar mit ihm verfeinern.<\/p>\n","protected":false},"excerpt":{"rendered":"<p><strong>Lik\u00f6r\/Himbeere 0,20l (Vegan Qualit\u00e4t)<\/strong><\/p>\n","protected":false},"featured_media":18209,"comment_status":"closed","ping_status":"closed","template":"","meta":[],"product_brand":[],"product_cat":[85,148],"product_tag":[],"class_list":{"0":"post-19232","1":"product","2":"type-product","3":"status-publish","4":"has-post-thumbnail","6":"product_cat-geschenke","7":"product_cat-likoer-vinothek-destillerie","9":"first","10":"instock","11":"taxable","12":"shipping-taxable","13":"product-type-simple"},"_links":{"self":[{"href":"https:\/\/www.thermenbauernladen.com\/online\/wp-json\/wp\/v2\/product\/19232","targetHints":{"allow":["GET"]}}],"collection":[{"href":"https:\/\/www.thermenbauernladen.com\/online\/wp-json\/wp\/v2\/product"}],"about":[{"href":"https:\/\/www.thermenbauernladen.com\/online\/wp-json\/wp\/v2\/types\/product"}],"replies":[{"embeddable":true,"href":"https:\/\/www.thermenbauernladen.com\/online\/wp-json\/wp\/v2\/comments?post=19232"}],"wp:featuredmedia":[{"embeddable":true,"href":"https:\/\/www.thermenbauernladen.com\/online\/wp-json\/wp\/v2\/media\/18209"}],"wp:attachment":[{"href":"https:\/\/www.thermenbauernladen.com\/online\/wp-json\/wp\/v2\/media?parent=19232"}],"wp:term":[{"taxonomy":"product_brand","embeddable":true,"href":"https:\/\/www.thermenbauernladen.com\/online\/wp-json\/wp\/v2\/product_brand?post=19232"},{"taxonomy":"product_cat","embeddable":true,"href":"https:\/\/www.thermenbauernladen.com\/online\/wp-json\/wp\/v2\/product_cat?post=19232"},{"taxonomy":"product_tag","embeddable":true,"href":"https:\/\/www.thermenbauernladen.com\/online\/wp-json\/wp\/v2\/product_tag?post=19232"}],"curies":[{"name":"wp","href":"https:\/\/api.w.org\/{rel}","templated":true}]}}