{"id":19454,"date":"2022-05-28T08:10:27","date_gmt":"2022-05-28T06:10:27","guid":{"rendered":"https:\/\/www.thermenbauernladen.com\/online\/?post_type=product&#038;p=19454"},"modified":"2022-05-28T08:10:30","modified_gmt":"2022-05-28T06:10:30","slug":"blauer-zweigelt-075l-weingut-glatz-3","status":"publish","type":"product","link":"https:\/\/www.thermenbauernladen.com\/online\/produkt\/blauer-zweigelt-075l-weingut-glatz-3\/","title":{"rendered":"Blauer Zweigelt 0,75l &#8211; Weingut Glatz"},"content":{"rendered":"<h2>Blauer Zweigelt 0,75l &#8211; Weingut Glatz<\/h2>\n<p>Der Zweigelt aus dem mehrfach pr\u00e4mierten Weingut Glatz besticht durch ein dunkles Rubinviolett und verf\u00fchrt mit einer Aromamischung aus s\u00fc\u00dfer Herzkirsche und feinherber Schokolade. Ein Hauch von Lakritz und elegante Tannine gliedern sich perfekt in den samtig-weichen K\u00f6rper ein.<\/p>\n<p>&nbsp;<\/p>\n<p><u>Kulinarischer Tipp<\/u><\/p>\n<p>&nbsp;<\/p>\n<p>Genie\u00dfen Sie den Zweigelt am besten bei einer Trinktemperatur von 14-16\u00b0C zu dunklem Fleisch, Wild, Ente\u00a0und Blauschimmelk\u00e4se.<\/p>\n<p>&nbsp;<\/p>\n<hr \/>\n<p>&nbsp;<\/p>\n<table dir=\"ltr\" border=\"0\" cellspacing=\"0\" cellpadding=\"0\" align=\"left\">\n<tbody>\n<tr>\n<td>Charakteristik<\/td>\n<td>s\u00fc\u00df und feinherb; samtig-weicher K\u00f6rper<\/td>\n<\/tr>\n<tr>\n<td>Vinifikation<\/td>\n<td>Maischeverg\u00e4rung im G\u00e4rtank mit darauffolgender Malolaktik; weiter Ausbau im Stahltank<\/td>\n<\/tr>\n<tr>\n<td>Trinktemperatur<\/td>\n<td>14-16\u00b0C<\/td>\n<\/tr>\n<tr>\n<td>Lage<\/td>\n<td>sandig-lehmiger Boden<\/td>\n<\/tr>\n<tr>\n<td>Alkoholgehalt<\/td>\n<td>13,00% Vol. Alk.<\/td>\n<\/tr>\n<tr>\n<td>Passt zu<\/td>\n<td>Ente, Wild, dunklem Fleisch, Blauschimmelk\u00e4se<\/td>\n<\/tr>\n<\/tbody>\n<\/table>\n<hr \/>\n<p>&nbsp;<\/p>\n<hr \/>\n<p>&nbsp;<\/p>\n<div><\/div>\n<p>&nbsp;<\/p>\n<p><u>\u00dcber den Produzenten<\/u><\/p>\n<p>1969 legten Karl und Anna Glatz den Grundstein f\u00fcr das heutige Weingut. Der damals seiner Zeit weit vorausdenkende Winzer errichtete einen f\u00fcr die Oststeiermark typischen Vierkanthof, der auch heute noch der Hauptsitz\u00a0ist. Die Enkelin Katharina Glatz \u00fcbernahm das\u00a0Weingut 1989 und baute es mit ihrem Lebensgef\u00e4hrten Karl N\u00f6hrer zur heutigen Gr\u00f6\u00dfe aus.<\/p>\n<p>&nbsp;<\/p>\n<p><u>Auszeichnungen<\/u><\/p>\n<ul>\n<li>Landessieger 2010 und 2016<\/li>\n<li>1.Platz der Oststeirischen R\u00f6merweinstra\u00dfe<\/li>\n<\/ul>\n<p>&nbsp;<\/p>\n<p><u>Fragen zum Produkt<\/u><\/p>\n<p>produkt@thermenbauernladen.at<\/p>\n<p>&nbsp;<\/p>\n<p><u>Herkunft<\/u><\/p>\n<p>Inmitten der Oststeiermark und dem Thermenland gelegen, erstreckt sich die 2-Thermenregion Bad Waltersdorf. Die Region ist nicht nur f\u00fcr ihre landschaftliche, sondern auch f\u00fcr ihre kulinarische Vielfalt bekannt. Vom heimischen Obst und Gem\u00fcse bis hin zu Milchprodukten bietet die Region ihren G\u00e4sten zahlreiche Natursch\u00e4tze.<\/p>\n","protected":false},"excerpt":{"rendered":"<p>Verf\u00fchrersich s\u00fc\u00df und zartbitter\u00a0&#8211; der pr\u00e4mierte Zweigelt aus der 2-Thermenregion<\/p>\n<p>Ein rubinvioletter Zweigelt mit feinherbem Aroma und der zarten S\u00fc\u00dfe der Herzkirsche<\/p>\n","protected":false},"featured_media":18501,"comment_status":"closed","ping_status":"closed","template":"","meta":[],"product_brand":[],"product_cat":[149],"product_tag":[],"class_list":{"0":"post-19454","1":"product","2":"type-product","3":"status-publish","4":"has-post-thumbnail","6":"product_cat-rotwein-wein-vinothek-destillerie","8":"first","9":"instock","10":"taxable","11":"shipping-taxable","12":"product-type-simple"},"_links":{"self":[{"href":"https:\/\/www.thermenbauernladen.com\/online\/wp-json\/wp\/v2\/product\/19454","targetHints":{"allow":["GET"]}}],"collection":[{"href":"https:\/\/www.thermenbauernladen.com\/online\/wp-json\/wp\/v2\/product"}],"about":[{"href":"https:\/\/www.thermenbauernladen.com\/online\/wp-json\/wp\/v2\/types\/product"}],"replies":[{"embeddable":true,"href":"https:\/\/www.thermenbauernladen.com\/online\/wp-json\/wp\/v2\/comments?post=19454"}],"wp:featuredmedia":[{"embeddable":true,"href":"https:\/\/www.thermenbauernladen.com\/online\/wp-json\/wp\/v2\/media\/18501"}],"wp:attachment":[{"href":"https:\/\/www.thermenbauernladen.com\/online\/wp-json\/wp\/v2\/media?parent=19454"}],"wp:term":[{"taxonomy":"product_brand","embeddable":true,"href":"https:\/\/www.thermenbauernladen.com\/online\/wp-json\/wp\/v2\/product_brand?post=19454"},{"taxonomy":"product_cat","embeddable":true,"href":"https:\/\/www.thermenbauernladen.com\/online\/wp-json\/wp\/v2\/product_cat?post=19454"},{"taxonomy":"product_tag","embeddable":true,"href":"https:\/\/www.thermenbauernladen.com\/online\/wp-json\/wp\/v2\/product_tag?post=19454"}],"curies":[{"name":"wp","href":"https:\/\/api.w.org\/{rel}","templated":true}]}}