{"id":19665,"date":"2022-05-28T08:11:20","date_gmt":"2022-05-28T06:11:20","guid":{"rendered":"https:\/\/www.thermenbauernladen.com\/online\/?post_type=product&#038;p=19665"},"modified":"2022-05-28T08:11:22","modified_gmt":"2022-05-28T06:11:22","slug":"der-suesse-steirer-geschenkartikel-3","status":"publish","type":"product","link":"https:\/\/www.thermenbauernladen.com\/online\/produkt\/der-suesse-steirer-geschenkartikel-3\/","title":{"rendered":"Der s\u00fc\u00dfe Steirer &#8211; Geschenkartikel"},"content":{"rendered":"<h2>Der s\u00fc\u00dfe Steirer &#8211; Geschenkartikel<\/h2>\n<p>Der s\u00fc\u00dfe Steira aus und um die\u00a0<a href=\"http:\/\/www.badwaltersdorf.com\/\">2-Thermenregion<\/a>\u00a0besteht aus einem Honig mit K\u00fcrbiskernen vom Imkermeister Werner Kurz, einer Hirschbirn-Zartbitterschokolade von Familie P\u00f6ltl, Apfelringe vom Obsthof Fuchs, die Marmelade der Sorte &#8222;K\u00fcpferl&#8220; vom Marmeladenparadies sowie K\u00fcrbiskernen im Glas (Schokomix) von Thermen-Bauernhof.<\/p>\n<p>&nbsp;<\/p>\n<p>Imkermeister Werner Kurz,\u00a0<a href=\"http:\/\/www.badwaltersdorf.com\/\">2-Thermenregion<\/a>\u00a0Bad Waltersdorf<\/p>\n<p>Marmeladenparadies,\u00a0<a href=\"http:\/\/www.badwaltersdorf.com\/\">2-Thermenregion<\/a>\u00a0Bad Waltersdorf<\/p>\n<p>Obsthof Fuchs,\u00a0<a href=\"http:\/\/www.badwaltersdorf.com\/\">2-Thermenregion<\/a>\u00a0Bad Waltersdorf<\/p>\n<p>Familie P\u00f6ltl, P\u00f6llau<\/p>\n<p>Thermen-Bauernhof,\u00a0<a href=\"http:\/\/www.badwaltersdorf.com\/\">2-Thermenregion<\/a>\u00a0Bad Waltersdorf<\/p>\n<p>&nbsp;<\/p>\n<p><a id=\"Fragen zu diesem Produkt\" name=\"Fragen zu diesem Produkt\"><\/a><strong>Fragen zu diesem Produkt<\/strong><\/p>\n<p>&nbsp;<\/p>\n<p><a href=\"mailto:produkt@thermenbauernladen.at?subject=Fragen%20zu%20diesem%20Produkt\">produkt@thermenbauernladen.at<\/a><\/p>\n","protected":false},"excerpt":{"rendered":"<h2>Der s\u00fc\u00dfe Steirer &#8211; Geschenkartikel<\/h2>\n<p>Der s\u00fc\u00dfe Steira aus und um die\u00a0<a href=\"http:\/\/www.badwaltersdorf.com\/\">2-Thermenregion<\/a>\u00a0besteht aus einem Honig mit K\u00fcrbiskernen vom Imkermeister Werner Kurz, einer Hirschbirn-Zartbitterschokolade von Familie P\u00f6ltl, Apfelringe vom Obsthof Fuchs, die Marmelade der Sorte &#8222;K\u00fcpferl&#8220; vom Marmeladenparadies sowie K\u00fcrbiskernen im Glas (Schokomix) von Thermen-Bauernhof.<\/p>\n<p>&nbsp;<\/p>\n<p>Imkermeister Werner Kurz,\u00a0<a href=\"http:\/\/www.badwaltersdorf.com\/\">2-Thermenregion<\/a>\u00a0Bad Waltersdorf<\/p>\n<p>Marmeladenparadies,\u00a0<a href=\"http:\/\/www.badwaltersdorf.com\/\">2-Thermenregion<\/a>\u00a0Bad Waltersdorf<\/p>\n<p>Obsthof Fuchs,\u00a0<a href=\"http:\/\/www.badwaltersdorf.com\/\">2-Thermenregion<\/a>\u00a0Bad Waltersdorf<\/p>\n<p>Familie P\u00f6ltl, P\u00f6llau<\/p>\n<p>Thermen-Bauernhof,\u00a0<a href=\"http:\/\/www.badwaltersdorf.com\/\">2-Thermenregion<\/a>\u00a0Bad Waltersdorf<\/p>\n<p>&nbsp;<\/p>\n<p><a id=\"Fragen zu diesem Produkt\" name=\"Fragen zu diesem Produkt\"><\/a><strong>Fragen zu diesem Produkt<\/strong><\/p>\n<p>&nbsp;<\/p>\n<p><a href=\"mailto:produkt@thermenbauernladen.at?subject=Fragen%20zu%20diesem%20Produkt\">produkt@thermenbauernladen.at<\/a><\/p>\n","protected":false},"featured_media":19063,"comment_status":"closed","ping_status":"closed","template":"","meta":[],"product_brand":[],"product_cat":[85],"product_tag":[],"class_list":{"0":"post-19665","1":"product","2":"type-product","3":"status-publish","4":"has-post-thumbnail","6":"product_cat-geschenke","8":"first","9":"instock","10":"taxable","11":"shipping-taxable","12":"product-type-simple"},"_links":{"self":[{"href":"https:\/\/www.thermenbauernladen.com\/online\/wp-json\/wp\/v2\/product\/19665","targetHints":{"allow":["GET"]}}],"collection":[{"href":"https:\/\/www.thermenbauernladen.com\/online\/wp-json\/wp\/v2\/product"}],"about":[{"href":"https:\/\/www.thermenbauernladen.com\/online\/wp-json\/wp\/v2\/types\/product"}],"replies":[{"embeddable":true,"href":"https:\/\/www.thermenbauernladen.com\/online\/wp-json\/wp\/v2\/comments?post=19665"}],"wp:featuredmedia":[{"embeddable":true,"href":"https:\/\/www.thermenbauernladen.com\/online\/wp-json\/wp\/v2\/media\/19063"}],"wp:attachment":[{"href":"https:\/\/www.thermenbauernladen.com\/online\/wp-json\/wp\/v2\/media?parent=19665"}],"wp:term":[{"taxonomy":"product_brand","embeddable":true,"href":"https:\/\/www.thermenbauernladen.com\/online\/wp-json\/wp\/v2\/product_brand?post=19665"},{"taxonomy":"product_cat","embeddable":true,"href":"https:\/\/www.thermenbauernladen.com\/online\/wp-json\/wp\/v2\/product_cat?post=19665"},{"taxonomy":"product_tag","embeddable":true,"href":"https:\/\/www.thermenbauernladen.com\/online\/wp-json\/wp\/v2\/product_tag?post=19665"}],"curies":[{"name":"wp","href":"https:\/\/api.w.org\/{rel}","templated":true}]}}